{"id":22921,"date":"2026-03-09T13:54:48","date_gmt":"2026-03-09T19:54:48","guid":{"rendered":"https:\/\/sporticamx.com\/?page_id=22921"},"modified":"2026-03-18T10:20:30","modified_gmt":"2026-03-18T16:20:30","slug":"xpress-sporticlass","status":"publish","type":"page","link":"https:\/\/sporticamx.com\/index.php\/xpress-sporticlass\/","title":{"rendered":"Xpress Sporticlass"},"content":{"rendered":"\t\t<div data-elementor-type=\"wp-page\" data-elementor-id=\"22921\" class=\"elementor elementor-22921\" data-elementor-post-type=\"page\">\n\t\t\t\t<div class=\"elementor-element elementor-element-eb07066 e-flex e-con-boxed e-con e-parent\" data-id=\"eb07066\" data-element_type=\"container\" data-e-type=\"container\">\n\t\t\t\t\t<div class=\"e-con-inner\">\n\t\t\t\t<div class=\"elementor-element elementor-element-f6bf936 elementor-widget elementor-widget-html\" data-id=\"f6bf936\" data-element_type=\"widget\" data-e-type=\"widget\" data-widget_type=\"html.default\">\n\t\t\t\t<div class=\"elementor-widget-container\">\n\t\t\t\t\t<!DOCTYPE html>\r\n<html lang=\"es\">\r\n<head>\r\n    <meta charset=\"UTF-8\">\r\n    <meta name=\"viewport\" content=\"width=device-width, initial-scale=1.0\">\r\n    <title>Xpress Sporticlass<\/title>\r\n    <script src=\"https:\/\/cdn.tailwindcss.com\"><\/script>\r\n    <link href=\"https:\/\/fonts.googleapis.com\/css2?family=Montserrat:wght@200;300;400;700&display=swap\" rel=\"stylesheet\">\r\n    <style>\r\n        body {\r\n            font-family: 'Montserrat', sans-serif;\r\n            background-color: #fff;\r\n            color: #333;\r\n            margin: 0;\r\n            padding: 0;\r\n        }\r\n\r\n        .title-bold {\r\n            font-weight: 700;\r\n            text-transform: uppercase;\r\n            letter-spacing: 1px;\r\n            margin-bottom: 8px;\r\n        }\r\n\r\n        .desc-light {\r\n            font-weight: 300;\r\n            line-height: 1.6;\r\n            font-size: 15px;\r\n        }\r\n\r\n        .container-custom {\r\n            max-width: 1100px;\r\n            margin: 0 auto;\r\n            padding: 60px 20px;\r\n        }\r\n\r\n        \/* Estilo para el banner de video lateral *\/\r\n        .banner-video-wrapper {\r\n            width: 100%;\r\n            max-width: 380px;\r\n            aspect-ratio: 9 \/ 14; \/* Ajustado para que no sea excesivamente alto *\/\r\n            background: #000;\r\n            border-radius: 15px;\r\n            overflow: hidden;\r\n            box-shadow: 0 15px 35px rgba(0,0,0,0.2);\r\n        }\r\n\r\n        .video-full-width {\r\n            width: 100%;\r\n            aspect-ratio: 16 \/ 9;\r\n            background: #000;\r\n            margin-top: 40px;\r\n        }\r\n    <\/style>\r\n<\/head>\r\n<body>\r\n\r\n    <header class=\"flex justify-center py-10\">\r\n        <img decoding=\"async\" src=\"https:\/\/sporticamx.com\/wp-content\/uploads\/2026\/03\/logo-xpress-scaled.png\" \r\n             alt=\"Logo Xpress\" style=\"height: 80px; width: auto;\">\r\n    <\/header>\r\n\r\n    <main class=\"container-custom\">\r\n        \r\n        <div class=\"grid grid-cols-1 md:grid-cols-2 gap-12 items-center mb-24\">\r\n            <div>\r\n                <div class=\"mb-10\">\r\n                    <h2 class=\"title-bold text-2xl\">Xpress Sporticlass:<\/h2>\r\n                    <p class=\"desc-light\">M\u00e1ximos resultados en solo 30 minutos. Poco tiempo, cero excusas. Sabemos que tu ritmo de vida no se detiene, por eso creamos una experiencia de entrenamiento r\u00e1pido y efectivo dise\u00f1ado para integrarse perfectamente en tu d\u00eda.<\/p>\r\n                <\/div>\r\n                <div>\r\n                    <h2 class=\"title-bold text-2xl\">\u00bfQu\u00e9 es Xpress Sporticlass?<\/h2>\r\n                    <p class=\"desc-light\">Son sesiones intensas de 30 a 35 minutos impartidas por entrenadores de piso y especialistas en diferentes \u00e1reas del club. Aqu\u00ed optimizamos cada segundo para que logres grandes resultados sin pasar horas en el gimnasio. Aprovechando al m\u00e1ximo cada espacio de nuestras instalaciones.<\/p>\r\n                <\/div>\r\n            <\/div>\r\n            \r\n            <div class=\"flex justify-center md:justify-end\">\r\n                <div class=\"banner-video-wrapper\">\r\n                    <iframe width=\"100%\" height=\"100%\" \r\n                            src=\"https:\/\/sporticamx.com\/wp-content\/uploads\/2026\/03\/video-vertical.mp4\" \r\n                            frameborder=\"0\" allow=\"autoplay; encrypted-media\" allowfullscreen>\r\n                    <\/iframe>\r\n                <\/div>\r\n            <\/div>\r\n        <\/div>\r\n\r\n        <div class=\"grid grid-cols-1 md:grid-cols-2 gap-x-16 gap-y-12 mb-24\">\r\n            <div class=\"flex flex-col items-center text-center md:items-start md:text-left\">\r\n                <img decoding=\"async\" src=\"https:\/\/sporticamx.com\/wp-content\/uploads\/2026\/03\/force-scaled.png\" class=\"w-12 mb-4\" alt=\"icon\">\r\n                <h3 class=\"title-bold\">Xpress Force<\/h3>\r\n                <p class=\"desc-light\">Esculpe tu cuerpo con solo 30 min. Beneficios: Desarrollo de fuerza y definici\u00f3n mediante circuitos de pesas al ritmo de la m\u00fasica con resistencia externa eficiente.<\/p>\r\n            <\/div>\r\n            <div class=\"flex flex-col items-center text-center md:items-start md:text-left\">\r\n                <img decoding=\"async\" src=\"https:\/\/sporticamx.com\/wp-content\/uploads\/2026\/03\/aero-scaled.png\" class=\"w-12 mb-4\" alt=\"icon\">\r\n                <h3 class=\"title-bold\">Xpress Aero<\/h3>\r\n                <p class=\"desc-light\">Quema grasa sin riesgos ni lesiones en solo 30 min. Beneficios: Mejora la capacidad cardiovascular y potencia aer\u00f3bica en salas de cycling o caminadoras fluyendo a tu propio ritmo.<\/p>\r\n            <\/div>\r\n            <div class=\"flex flex-col items-center text-center md:items-start md:text-left\">\r\n                <img decoding=\"async\" src=\"https:\/\/sporticamx.com\/wp-content\/uploads\/2026\/03\/functional-scaled.png\" class=\"w-12 mb-4\" alt=\"icon\">\r\n                <h3 class=\"title-bold\">Xpress Funcional<\/h3>\r\n                <p class=\"desc-light\">Fluye con el movimiento y mejora tu condici\u00f3n f\u00edsica en solo 30 min. Beneficios: Entrenamiento intuitivo basado en habilidades b\u00e1sicas altamente transferibles a tus actividades diarias de forma intensa.<\/p>\r\n            <\/div>\r\n            <div class=\"flex flex-col items-center text-center md:items-start md:text-left\">\r\n                <img decoding=\"async\" src=\"https:\/\/sporticamx.com\/wp-content\/uploads\/2026\/03\/move-scaled.png\" class=\"w-12 mb-4\" alt=\"icon\">\r\n                <h3 class=\"title-bold\">Xpress Move<\/h3>\r\n                <p class=\"desc-light\">Nutre tus articulaciones y protege tu cuerpo. Beneficios: Recupera la movilidad natural y libera los rangos de movimiento afectados por el estilo de vida actual para mantenerte protegido.<\/p>\r\n            <\/div>\r\n        <\/div>\r\n\r\n        <div class=\"text-center max-w-4xl mx-auto mb-20\">\r\n            <h2 class=\"title-bold text-3xl mb-6\">\u00bfPor qu\u00e9 elegir Xpress?<\/h2>\r\n            <p class=\"desc-light text-lg\">\r\n                Al elegir estas clases obtienes entrenamientos r\u00e1pidos con resultados visibles, adem\u00e1s de una mayor variedad de oferta deportiva en el club. No solo se trata de ejercicio, sino de generar comunidad y diversi\u00f3n mientras recibes la gu\u00eda de profesionales que aseguran tu activaci\u00f3n constante.\r\n            <\/p>\r\n        <\/div>\r\n\r\n    <\/main>\r\n\r\n    <section class=\"video-full-width\">\r\n        <iframe width=\"100%\" height=\"100%\" \r\n                src=\"https:\/\/sporticamx.com\/wp-content\/uploads\/2026\/03\/video-horizontal.mp4\" \r\n                title=\"Xpress Video\" frameborder=\"0\" \r\n                allow=\"accelerometer; autoplay; clipboard-write; encrypted-media; gyroscope; picture-in-picture\" \r\n                allowfullscreen>\r\n        <\/iframe>\r\n    <\/section>\r\n\r\n<\/body>\r\n<\/html>\t\t\t\t<\/div>\n\t\t\t\t<\/div>\n\t\t\t\t\t<\/div>\n\t\t\t\t<\/div>\n\t\t\t\t<\/div>\n\t\t","protected":false},"excerpt":{"rendered":"<p>Xpress Sporticlass Xpress Sporticlass: M\u00e1ximos resultados en solo 30 minutos. Poco tiempo, cero excusas. Sabemos que tu ritmo de vida no se detiene, por eso creamos una experiencia de entrenamiento r\u00e1pido y efectivo dise\u00f1ado para integrarse perfectamente en tu d\u00eda. \u00bfQu\u00e9 es Xpress Sporticlass? Son sesiones intensas de 30 a 35 minutos impartidas por entrenadores [&hellip;]<\/p>\n","protected":false},"author":6,"featured_media":0,"parent":0,"menu_order":0,"comment_status":"closed","ping_status":"closed","template":"","meta":{"_eb_attr":"","footnotes":""},"class_list":["post-22921","page","type-page","status-publish","hentry"],"_links":{"self":[{"href":"https:\/\/sporticamx.com\/index.php\/wp-json\/wp\/v2\/pages\/22921","targetHints":{"allow":["GET"]}}],"collection":[{"href":"https:\/\/sporticamx.com\/index.php\/wp-json\/wp\/v2\/pages"}],"about":[{"href":"https:\/\/sporticamx.com\/index.php\/wp-json\/wp\/v2\/types\/page"}],"author":[{"embeddable":true,"href":"https:\/\/sporticamx.com\/index.php\/wp-json\/wp\/v2\/users\/6"}],"replies":[{"embeddable":true,"href":"https:\/\/sporticamx.com\/index.php\/wp-json\/wp\/v2\/comments?post=22921"}],"version-history":[{"count":16,"href":"https:\/\/sporticamx.com\/index.php\/wp-json\/wp\/v2\/pages\/22921\/revisions"}],"predecessor-version":[{"id":23217,"href":"https:\/\/sporticamx.com\/index.php\/wp-json\/wp\/v2\/pages\/22921\/revisions\/23217"}],"wp:attachment":[{"href":"https:\/\/sporticamx.com\/index.php\/wp-json\/wp\/v2\/media?parent=22921"}],"curies":[{"name":"wp","href":"https:\/\/api.w.org\/{rel}","templated":true}]}}